{"id":2,"date":"2008-03-16T15:16:21","date_gmt":"2008-03-16T14:16:21","guid":{"rendered":""},"modified":"2009-01-22T19:26:20","modified_gmt":"2009-01-22T18:26:20","slug":"impressum","status":"publish","type":"page","link":"https:\/\/zonenklaus.de\/wordpress\/?page_id=2","title":{"rendered":"Impressum"},"content":{"rendered":"<p>Alle hier ver\u00f6ffentlichten Texte und sonstigen medialen Inhalte spiegeln im wesentlichen den Gesundheitszustand dieser unserer Gesellschaft wieder. Der Blogwart \u00fcbernimmt von daher keinerlei Haftung zu Risiken und Nebenwirkungen bei der Rezeption eines \u00fcberdosierten Bitstroms.<\/p>\n<p>Desweiteren distanziere ich mich von allen Inhalten gelinkter Seiten auf meinem Blog und \u00fcbernehme keinerlei Haftung. Siehe Urteil vom Landgerichtes Hamburg, Haftung f\u00fcr Links &#8211; 12. Mai 1998 &#8211; 312 O 85\/98!<\/p>\n","protected":false},"excerpt":{"rendered":"<p>Alle hier ver\u00f6ffentlichten Texte und sonstigen medialen Inhalte spiegeln im wesentlichen den Gesundheitszustand dieser unserer Gesellschaft wieder. Der Blogwart \u00fcbernimmt von daher keinerlei Haftung zu Risiken und Nebenwirkungen bei der Rezeption eines \u00fcberdosierten Bitstroms. Desweiteren distanziere ich mich von allen Inhalten gelinkter Seiten auf meinem Blog und \u00fcbernehme keinerlei Haftung. Siehe Urteil vom Landgerichtes Hamburg, [&hellip;]<\/p>\n","protected":false},"author":1,"featured_media":0,"parent":0,"menu_order":0,"comment_status":"open","ping_status":"open","template":"","meta":{"footnotes":""},"class_list":["post-2","page","type-page","status-publish","hentry"],"_links":{"self":[{"href":"https:\/\/zonenklaus.de\/wordpress\/index.php?rest_route=\/wp\/v2\/pages\/2","targetHints":{"allow":["GET"]}}],"collection":[{"href":"https:\/\/zonenklaus.de\/wordpress\/index.php?rest_route=\/wp\/v2\/pages"}],"about":[{"href":"https:\/\/zonenklaus.de\/wordpress\/index.php?rest_route=\/wp\/v2\/types\/page"}],"author":[{"embeddable":true,"href":"https:\/\/zonenklaus.de\/wordpress\/index.php?rest_route=\/wp\/v2\/users\/1"}],"replies":[{"embeddable":true,"href":"https:\/\/zonenklaus.de\/wordpress\/index.php?rest_route=%2Fwp%2Fv2%2Fcomments&post=2"}],"version-history":[{"count":2,"href":"https:\/\/zonenklaus.de\/wordpress\/index.php?rest_route=\/wp\/v2\/pages\/2\/revisions"}],"predecessor-version":[{"id":1771,"href":"https:\/\/zonenklaus.de\/wordpress\/index.php?rest_route=\/wp\/v2\/pages\/2\/revisions\/1771"}],"wp:attachment":[{"href":"https:\/\/zonenklaus.de\/wordpress\/index.php?rest_route=%2Fwp%2Fv2%2Fmedia&parent=2"}],"curies":[{"name":"wp","href":"https:\/\/api.w.org\/{rel}","templated":true}]}}